333.
1
What is the highest common divisor of 1600 and 228400?
400
What is the greatest common divisor of 10776 and 1334877?
1347
Calculate the highest common divisor of 12950 and 2960.
370
What is the highest common factor of 55744 and 1856?
64
Calculate the highest common factor of 60478 and 2794.
22
What is the highest common factor of 11877 and 888?
111
What is the highest common divisor of 351230 and 7843?
341
What is the highest common divisor of 58160 and 4640?
80
Calculate the highest common factor of 857331 and 1686.
843
Calculate the highest common divisor of 1729 and 20349.
133
Calculate the greatest common divisor of 13662 and 1656.
414
Calculate the greatest common factor of 81 and 58023.
27
What is the greatest common divisor of 90852 and 3417?
201
What is the greatest common divisor of 139300 and 200?
100
What is the greatest common factor of 963 and 112293?
9
What is the greatest common divisor of 756 and 2240?
28
What is the highest common factor of 32 and 270160?
16
Calculate the greatest common divisor of 16559 and 1711.
29
What is the greatest common factor of 13 and 5418166?
13
What is the highest common divisor of 32 and 510032?
16
Calculate the greatest common factor of 10517 and 1352.
13
What is the greatest common factor of 418 and 17600?
22
Calculate the greatest common factor of 17857 and 63.
7
Calculate the greatest common divisor of 7958 and 66259.
173
Calculate the greatest common factor of 10422 and 4246.
386
What is the highest common divisor of 154070 and 868?
434
Calculate the highest common factor of 55896 and 528.
24
Calculate the greatest common factor of 1168 and 11128.
8
Calculate the highest common factor of 900 and 205428.
12
Calculate the greatest common factor of 119733 and 963.
321
Calculate the greatest common divisor of 18189 and 516.
129
What is the highest common factor of 13167 and 740817?
693
What is the greatest common divisor of 35 and 45005?
5
Calculate the highest common factor of 103316 and 368.
92
What is the greatest common divisor of 805 and 9520?
35
Calculate the highest common factor of 30 and 11745.
15
What is the highest common divisor of 36 and 1338?
6
What is the greatest common factor of 2025 and 486?
81
Calculate the greatest common divisor of 228996 and 168.
12
What is the highest common factor of 70160 and 5200?
80
What is the highest common divisor of 15036 and 12?
12
What is the highest common factor of 23 and 3955448?
23
What is the greatest common divisor of 810 and 28170?
90
What is the greatest common divisor of 48 and 19424?
16
What is the highest common divisor of 108 and 3?
3
What is the highest common divisor of 4779 and 243198?
531
What is the highest common divisor of 17 and 93634?
1
What is the highest common factor of 4425 and 11682?
177
Calculate the greatest common factor of 327 and 5841201.
327
What is the highest common factor of 1392 and 308304?
48
What is the greatest common factor of 4194584 and 632?
632
Calculate the greatest common divisor of 3304 and 6667.
59
Calculate the greatest common divisor of 5405 and 35015.
235
Calculate the highest common factor of 297 and 310464.
99
What is the greatest common divisor of 218 and 93958?
218
What is the greatest common factor of 25524 and 1692?
36
What is the highest common factor of 50 and 96125?
25
Calculate the greatest common factor of 4 and 17690.
2
What is the highest common factor of 477 and 46587?
159
What is the greatest common divisor of 405 and 17145?
135
Calculate the highest common divisor of 11520 and 8136.
72
Calculate the greatest common divisor of 15229698 and 327.
327
What is the greatest common divisor of 41 and 23550851?
41
What is the highest common divisor of 15504 and 931?
19
What is the highest common divisor of 19306 and 4214?
98
Calculate the greatest common divisor of 53 and 834856.
53
Calculate the highest common divisor of 45500 and 47000.
500
Calculate the highest common divisor of 32246 and 5014.
46
What is the highest common factor of 451530 and 15?
15
What is the highest common factor of 12 and 93540?
12
Calculate the highest common divisor of 699 and 3030631.
233
Calculate the greatest common factor of 27685 and 1921.
113
What is the greatest common factor of 173231 and 4009?
211
Calculate the greatest common factor of 128 and 628.
4
Calculate the highest common factor of 6993 and 39738.
111
What is the greatest common factor of 70 and 1792630?
70
Calculate the greatest common factor of 553588 and 952.
476
What is the greatest common factor of 289350 and 270?
90
What is the highest common factor of 1183 and 7020?
13
Calculate the highest common divisor of 1372616 and 193.
193
Calculate the highest common factor of 3321 and 4182.
123
Calculate the greatest common divisor of 116 and 11331692.
116
What is the highest common factor of 1776 and 6432?
48
Calculate the greatest common divisor of 14337 and 13608.
243
What is the highest common divisor of 20394 and 6354?
18
What is the highest common divisor of 44 and 186164?
44
Calculate the greatest common factor of 470 and 753598.
94
What is the greatest common factor of 630801 and 1037?
61
Calculate the greatest common factor of 149799 and 160563.
897
Calculate the highest common divisor of 187844 and 17416.
1244
Calculate the highest common divisor of 220 and 9340.
20
What is the greatest common factor of 1423 and 29?
1
Calculate the greatest common divisor of 12408 and 1188.
132
What is the highest common divisor of 752 and 1555888?
752
Calculate the highest common divisor of 134106 and 5871.
309
What is the highest common divisor of 56288 and 384?
32
What is the greatest common divisor of 52 and 364416?
52
What is the greatest common divisor of 2170 and 3780?
70
What is the greatest common divisor of 7375 and 12095?
295
What is the highest common divisor of 28527 and 33924?
771
What is the highest common divisor of 10054 and 88?
22
Calculate the highest common divisor of 318 and 246079.
53
What is the highest common divisor of 222 and 9882?
6
What is the highest common factor of 340 and 76585?
85
What is the highest common factor of 23 and 773?
1
Calculate the greatest common divisor of 22327 and 11836.
269
Calculate the highest common factor of 9888 and 168.
24
What is the greatest common factor of 14541 and 524?
131
What is the greatest common factor of 8982072 and 198?
198
What is the highest common divisor of 617848 and 1224?
136
What is the highest common divisor of 42 and 2094477?
21
Calculate the highest common factor of 32426 and 62.
62
Calculate the greatest common factor of 1192 and 1643470.
298
Calculate the highest common factor of 5951 and 85478.
541
Calculate the greatest common divisor of 52 and 12428.
52
What is the highest common divisor of 2420 and 5937712?
484
What is the highest common factor of 3456 and 28416?
384
What is the greatest common factor of 132 and 284?
4
Calculate the greatest common factor of 360 and 10632.
24
Calculate the highest common divisor of 204 and 2207127.
51
What is the greatest common divisor of 178065 and 1755?
135
What is the greatest common divisor of 13888 and 140?
28
What is the greatest common factor of 524850 and 200?
50
Calculate the greatest common factor of 31 and 798839.
31
What is the highest common divisor of 56 and 26584?
8
What is the greatest common factor of 316816 and 16?
16
Calculate the greatest common factor of 47430 and 930.
930
What is the highest common factor of 125809 and 2619?
97
What is the greatest common divisor of 21 and 98070?
21
Calculate the highest common factor of 1210 and 902.
22
Calculate the highest common divisor of 34569 and 23.
23
What is the greatest common factor of 153 and 774384?
51
Calculate the highest common divisor of 6148 and 844.
4
What is the greatest common divisor of 70927 and 76?
19
What is the highest common factor of 662129 and 806?
403
Calculate the highest common factor of 7248 and 20.
4
What is the greatest common factor of 3510301 and 148?
37
What is the highest common divisor of 59226 and 318?
6
What is the greatest common factor of 6208 and 576?
64
Calculate the highest common factor of 312 and 1676352.
24
What is the greatest common divisor of 3060 and 1157940?
180
Calculate the highest common divisor of 28 and 114216